e highest common factor of f and 23.
23
Let y be 0 - 1*7*-2. Calculate the greatest common factor of y and 56.
14
Let v = 3 - 2. Let n = 3 + v. What is the highest common factor of 4 and n?
4
Let n(p) = 2*p**2 + p - 1. Let c be (4/3)/((-1)/(-3)). Let a be n(c). What is the greatest common divisor of 7 and a?
7
Let q be (-18)/6 - (1 - 0). Let m = -2 + q. Let r be -3 + 1 - (m + -11). Calculate the greatest common factor of 120 and r.
15
Suppose 4*f - f - 63 = 3*c, -3*f + 2*c = -66. Suppose u - 161 - 144 = -5*d, 4*d + u = 245. Calculate the greatest common factor of f and d.
12
Suppose -2*p + 3*p - 15 = -2*t, -3*p = -t - 31. Calculate the highest common factor of 77 and p.
11
Let d = 3 + 9. Calculate the greatest common factor of d and 60.
12
Let c = 45 - 9. Calculate the highest common factor of 24 and c.
12
Let y(r) = r**2 + 21*r - 1. Let h be y(-15). Let p = h + 172. Let w(t) = 8*t**2 + 2*t - 1. Let a be w(1). Calculate the greatest common divisor of a and p.
9
Suppose -17*b - 22 = -18*b. What is the greatest common factor of 55 and b?
11
Let x(w) = 22*w - 40*w + 3 + 1. Let b be x(-6). What is the greatest common divisor of b and 16?
16
Suppose 2*k - 5*k = 3*b + 3, -4 = 4*b. Suppose y - 6*y + 90 = k. Calculate the highest common divisor of 126 and y.
18
Let g(h) = -7*h - 65. Let z be g(-10). What is the highest common factor of z and 15?
5
Suppose 3*x + 11 = j, -4 = -3*x - 19. Let m be j*1/(-2) - -13. Calculate the greatest common divisor of 75 and m.
15
Let p be 12/18*6/4. Let i be (p - -1)/2*1. Let b be (0 - 1)*(-6)/i. Calculate the greatest common factor of 48 and b.
6
Suppose 2*j - 50 = -14. Let u(o) = -o**2 + 9. Let s be u(0). What is the greatest common factor of j and s?
9
Let t(f) = -f**2 + 10*f. Let v be t(6). Calculate the greatest common divisor of 48 and v.
24
Let b(q) = -q**3 - 3*q**2 - 2*q - 3. Let r be b(-3). Suppose r*z - 7 + 1 = 0. Let d be z + -3 - -1 - -10. What is the highest common factor of 50 and d?
10
Let t = -79 + 156. Let l(x) = x**3 - 5*x**2 + 7. Let j be l(5). Calculate the highest common divisor of t and j.
7
Suppose 2*w + 24 = 70. What is the highest common divisor of w and 230?
23
Let l = 9 - 6. Suppose -l*h + 26 = -h. What is the greatest common divisor of 26 and h?
13
Let n be (0 - 8/6)*(-510)/68. What is the highest common divisor of n and 40?
10
Suppose 3*u = -u + o + 29, 3*o = u - 21. Suppose -3 = -c - 0*c. Suppose -2*p + 8 = -2*f - 0*f, -f = c*p - 4. Calculate the greatest common divisor of u and p.
2
Suppose -32*z = -754 - 2414. Let f = -2 + 11. What is the highest common factor of f and z?
9
Suppose -5 = -5*n + 25. Let a be (4/n)/((-14)/(-147)). Calculate the highest common factor of a and 7.
7
Suppose -a = 4*z - 16, -4*a + 19 = -0*z + z. Suppose 0 = 5*t, 2*y - 4 = 2*t - 6*t. What is the greatest common divisor of a and y?
2
Suppose -i = -3*u + 2, 2*u + 3*u = -2*i - 15. Let b = -2 - i. What is the highest common divisor of b and 1?
1
Suppose -66 - 116 = -13*q. What is the highest common divisor of q and 91?
7
Suppose 0 = 5*l + r - 32 - 20, -2*l = -r - 18. Let i be (2/(-2))/((-2)/l). Let s = 4 - -16. What is the greatest common divisor of i and s?
5
Let j(l) = -3*l**3 + l**2 - 2. Let c = 5 - 8. Let y be j(c). What is the greatest common divisor of 8 and y?
8
Suppose 2*q - 22 = -4. Let w be 249/q + 2/(-3). Calculate the greatest common divisor of 3 and w.
3
Let r(u) = -u**2 + 12*u - 13. Let z be r(9). What is the highest common factor of z and 7?
7
Suppose 5*j - 6 = 2*j. Let x(a) = 5 + 2*a + 0*a**2 + 0*a + 5*a**j. Let k be x(-5). What is the highest common factor of k and 20?
20
Let l(d) = -d**2 - d + 1. Let h be l(-2). Let w be h/(-4) + (-207)/(-4). What is the greatest common divisor of w and 26?
26
Let p be (-318)/(-18) + (-4)/6. What is the highest common factor of p and 221?
17
Let o(g) = -7*g + 6. Suppose 0 = -w - 1, -3*j - w + 20 = -0*j. Let c be o(j). Let d = 87 + c. What is the greatest common divisor of 4 and d?
4
Let j be (2/1)/(4/6). What is the highest common divisor of 3 and j?
3
Let m be 148/4 - (3 + 0). Calculate the greatest common divisor of m and 85.
17
Let t be (-1 - (-29)/1)*2. What is the highest common divisor of t and 7?
7
Let g(w) = -w**3 - 5*w**2 - 2*w + 6. Let x be g(-5). Let t be (-4)/x - 18/(-8). Suppose t = z - 6. What is the highest common divisor of 32 and z?
8
Suppose -3*o + 3*n = -30, -3*o + 2*o = 2*n - 10. Suppose 3*w = -o + 46. What is the highest common divisor of 84 and w?
12
Suppose -2*c + 3*c = -84. Let p = -30 - c. Suppose 36 + p = 2*z. What is the highest common divisor of 18 and z?
9
Suppose 3*u - 10 = -2*u. Suppose 5*d + h = 311, d + u*h - 40 - 15 = 0. Let s be (-150)/(-21) - (-4)/(-28). What is the greatest common factor of d and s?
7
Suppose -2*i = -6*i + 12. Suppose i*c - 70 = 146. What is the highest common factor of 8 and c?
8
Suppose 6 = m + 2*m. Suppose -14 = 5*q + 4*z - 36, -3*q + m*z + 22 = 0. What is the greatest common factor of 2 and q?
2
Let j be 1/4 + (141/(-4))/(-3). Calculate the highest common divisor of 108 and j.
12
Let s be (30/(-6) - -1) + 37. What is the highest common divisor of s and 132?
33
Let j(r) = -2*r**3 - r - 1. Let a be j(-1). Let l be (-16)/a*(-22)/4. What is the highest common factor of 110 and l?
22
Suppose -3*f + 2 = 29. Let l be (-2)/f - 350/(-45). What is the highest common divisor of 64 and l?
8
Suppose 0 = 5*p - 4*t - 101, -3*p + 62 = -0*p - t. Let h be 65/7 + (-6)/p. Let a = -5 + h. What is the greatest common factor of 6 and a?
2
Suppose 0 = -5*r - 3*b + 1013, 4*b = 2*r - b - 399. Let s = r - 58. Calculate the greatest common divisor of 18 and s.
18
Let y(q) = q**3 - 10*q**2 - q + 12. Let d be y(10). What is the greatest common divisor of 12 and d?
2
Let h = 19 - 15. Suppose -h*s + 0 = -8. Calculate the greatest common divisor of s and 3.
1
Let t(a) = a**3 - 7*a**2 - a + 13. Let u be t(7). What is the highest common factor of 18 and u?
6
Suppose 96*t = 103*t - 14. Calculate the highest common factor of 4 and t.
2
Suppose 4*l - 2 = -3*u, -5*l - 12 + 5 = -u. Suppose u*k = 2*w - 20, 8*k = 3*w + 3*k - 28. What is the greatest common factor of w and 11?
11
Let i = -3 - -11. What is the highest common factor of 32 and i?
8
Suppose c = -3*u - 5, -4*c - 5*u = -u - 20. What is the highest common factor of c and 40?
10
Suppose 0 = 2*k - a - 8, k + 6 = -5*a - 1. Calculate the highest common factor of 27 and k.
3
Suppose 77 + 8 = 5*t. Let z be 5819/115 + 2/5. Calculate the highest common divisor of t and z.
17
Let x(i) = i**3 - 5*i**2 + 6*i - 1. Let z be x(4). Calculate the highest common divisor of 21 and z.
7
Let q(t) = -17 - t**2 + 7*t - 6*t + 8*t + 7*t. Let w be q(14). What is the greatest common factor of w and 121?
11
Suppose -1 = m - 3. Let b(d) = d + 1. Let y be b(3). Calculate the highest common factor of m and y.
2
Let h(t) = t**3 - 9*t**2 + t + 2. Let f be h(9). Let y = 15 - f. What is the highest common factor of 16 and y?
4
Let h be ((-15)/5)/3 + 20. What is the highest common divisor of h and 133?
19
Suppose 5*c = 203 + 397. Suppose 0 = 5*k - 1 - 19, c = 4*a + 2*k. Let q = 20 + 22. Calculate the greatest common divisor of a and q.
14
Let h be 4/(-18) + 74/9. Suppose 4*o - 7*d - 251 = -2*d, -5*o - 4*d = -324. What is the greatest common factor of h and o?
8
Let g = 18 - 18. Let a(n) = -n**3 - n + 120. Let x be a(g). What is the greatest common factor of x and 48?
24
Suppose 0 = -2*b + 6*b - 72. Suppose -32 = -3*j - 2*d, -2*j - 2*d = d - b. Calculate the highest common divisor of j and 60.
12
Let o = 21 + -16. What is the greatest common divisor of o and 2?
1
Let p be ((-18)/7)/(1/(-7)). Let c = 7 + -8. Let x be (26 - c)*4/12. Calculate the highest common factor of p and x.
9
Let u = 32 + 0. What is the highest common factor of 16 and u?
16
Let l = 17 - 9. Calculate the greatest common factor of 32 and l.
8
Suppose 0 = 5*l - 5*t - 45, -2*l - 3*l + t + 29 = 0. Calculate the highest common factor of l and 35.
5
Let k(v) = 6*v - 1. Let o be k(2). What is the greatest common factor of 44 and o?
11
Suppose 4*c - 3*r - 613 = 2*r, -3*r = -5*c + 750. Suppose 5*y - 3*m - 104 = -2*m, -2*y - 5*m + 47 = 0. Calculate the highest common factor of c and y.
21
Suppose 0 = 4*c - 36. Calculate the greatest common factor of 3 and c.
3
L